nd t?
10
Suppose 0*l + 2*l - 12 = 0. Let i be 2/l + (-392)/(-12). Calculate the greatest common factor of i and 11.
11
Let z = 327 + -183. Calculate the highest common divisor of z and 16.
16
Let n(x) = x - 1. Let g be n(4). Let z = -317 + 329. Calculate the greatest common divisor of g and z.
3
Let v be ((-30)/(-7) - 6)/(4/(-98)). What is the greatest common divisor of v and 105?
21
Suppose 2*n - 5*t + 0*t = 225, -5*n = -t - 505. Suppose 5*y - 80 = -i - 3*i, -4*y = 5*i - n. What is the highest common divisor of 30 and i?
10
Let l = 82 - 62. Suppose -2*r - r = 0. Let w = 5 + r. What is the greatest common factor of l and w?
5
Suppose 2 = -h - p, 3*p = -h - 1 - 7. Let x be (h - 9/5)*-10. Calculate the greatest common divisor of 56 and x.
8
Let y(u) = 2*u + 1. Let k be y(6). Let q = -481 - -305. Let c = 293 + q. Calculate the greatest common divisor of k and c.
13
Let x be 16/(-5) + 2/10. Let h be x - (36/(-2) + -2). Suppose -h = 5*o - 117. Calculate the greatest common factor of 180 and o.
20
Let j be -23*5/20*-4. What is the greatest common divisor of j and 92?
23
Let u = 81 - 41. Suppose -5*w + 5*x = -70, x = 2*x + 4. Calculate the greatest common divisor of u and w.
10
Suppose 0*a = -2*a + 20. Let d be (-12)/a*(-50)/30. What is the highest common divisor of d and 22?
2
Let t be ((-16)/10)/(7/(-35)). Calculate the highest common divisor of t and 88.
8
Let s be 2 - (2 + 1*-16). Let z be (1/(-2) + 0)*28. Let w = s - z. Calculate the greatest common factor of w and 45.
15
Suppose 0*q + q = -5. Let y = -1 - q. Suppose -71 = 2*m - y*m + h, 4*m - 143 = h. What is the greatest common factor of m and 9?
9
Let t(h) = h**3 + 2*h**2 - 37*h - 2. Let k be t(-7). Calculate the highest common factor of 48 and k.
12
Let h be 22 - 0*(-2)/6. Let o = -2 + 7. Suppose -o*m + 4 + 161 = 0. What is the highest common divisor of h and m?
11
Let u be (0 - (-3 - 6)) + 1. Suppose 0 = -2*g + 10 + u. Calculate the highest common factor of 10 and g.
10
Let d be (-2 - 0)*(-2)/(-4)*-76. What is the highest common factor of d and 19?
19
Suppose 2*a - a - 3 = 0. Suppose 2*x - 18 = -c, 4*c - 3*c - 22 = -a*x. What is the greatest common factor of 30 and c?
10
Let f = 18 - 10. Calculate the highest common factor of 24 and f.
8
Let o(d) = 5*d**2 + 3*d - 4. Let u be o(-2). What is the highest common factor of 10 and u?
10
Let x(c) = 66*c**2 - 2*c - 2. Let m be x(-1). Calculate the greatest common factor of 6 and m.
6
Let v = 182 + -92. Calculate the highest common factor of 10 and v.
10
Let a = 58 + 2. Calculate the highest common divisor of a and 12.
12
Let y be (-24)/56 - 101/(-7). Calculate the highest common factor of 49 and y.
7
Suppose -4*w + 10 - 2 = 0. Suppose 0 = -4*l, 7*i - 4*l = 2*i. Suppose 6*v - 5*h + 17 = 7*v, -4*v + w*h + 46 = i. What is the greatest common divisor of 4 and v?
4
Suppose 4*n = -4*s - 4, -s = -0*n - 2*n - 5. Let d be 2 + -4 - (-10 + -1). Calculate the greatest common factor of d and s.
1
Let m = -29 + 49. Suppose 5*d - m - 30 = 0. Suppose -4*t = -t - 120. What is the highest common divisor of d and t?
10
Let n(q) = q**3 - 8*q**2 - 5*q - 8. Let k be n(9). Calculate the greatest common factor of 42 and k.
14
Let f = 60 - 33. Let m = f - -18. Let p = 2 + 28. What is the greatest common divisor of p and m?
15
Let x = 20 - 11. What is the highest common divisor of 1 and x?
1
Let a(o) = 3*o**2 + o - 1. Let v be a(1). What is the greatest common divisor of 6 and v?
3
Let n be (-2)/(3/((-198)/4)). Suppose -5*z - 2 + 18 = c, 45 = 2*c - 3*z. Let k = 1 + c. Calculate the highest common factor of n and k.
11
Suppose 5*w + 4*t + 7 = 0, -3*w = -2*w - 2*t - 7. Calculate the greatest common factor of 1 and w.
1
Suppose q + 108 = 5*x - 0*q, x - 18 = 2*q. Suppose 0 + 4 = -n. Let d be (-4 + 0)*198/n. What is the greatest common factor of d and x?
22
Let j = 387 - 233. Calculate the highest common divisor of j and 14.
14
Suppose -3*u + 2 = -1. Let t(l) = 33*l. Let j be t(u). Calculate the greatest common factor of j and 11.
11
Let n be 5*(2 + (-22)/(-10)). Suppose 3*s + 0*s = n. Suppose -35 = -4*k + 105. What is the highest common divisor of s and k?
7
Let z(w) = -4*w - 2. Let q be z(-10). What is the highest common factor of q and 19?
19
Let x be (-4)/(-14) + 1228/14. Let g(k) = -3*k + 7. Let u be g(-5). What is the greatest common factor of u and x?
22
Suppose 4*h = -y + 49, -2*y + 40 = 3*h + 2*y. Let w = 14 + -10. Let j(i) = -i**2 + 7*i - 6. Let s be j(w). Calculate the greatest common divisor of s and h.
6
Let d = 216 + 0. What is the greatest common divisor of 27 and d?
27
Let n be 30/(-12) + 2 + 154/4. Calculate the greatest common factor of n and 95.
19
Let w = 18 + -4. Suppose 4*g - g = 6. Suppose 7*b - 10 = g*b. What is the greatest common divisor of b and w?
2
Suppose 5*m + 225 = 2*i, -2*i - m + 178 = -65. What is the greatest common divisor of 48 and i?
24
Suppose p + 0*p = 10. Suppose 2*w + 156 = 10. Let s = -43 - w. Calculate the greatest common factor of p and s.
10
Let m(f) = 4*f**3 + 4 + 3*f + 2*f**2 - 3*f**3 + 2*f**2. Let n be m(-3). Let h(b) = 3*b**3 + 1. Let t be h(1). Calculate the greatest common divisor of n and t.
4
Let w be 3 - 35/((-2)/2). Suppose x + 10 = w. What is the highest common divisor of x and 14?
14
Suppose 5*c - 2 = -4*n + 3, 5*c - 5 = -5*n. Suppose s + 2*s + 12 = n. Let f = s + 7. What is the greatest common divisor of 24 and f?
3
Suppose -5*w = -6*w + 2, -4*p - w = 18. Let r(a) = -2*a + 4. Let l be r(p). What is the highest common divisor of l and 56?
14
Let h = -59 + 124. Suppose -2*g + 4*g - 4*r - 26 = 0, -3*r - h = -5*g. Let n = 25 + -12. What is the highest common divisor of n and g?
13
Let b(c) = c**3 + 2*c**2 - c. Let k be b(-2). Suppose k*j = -j + 42. Let g(p) = p**2 + 4*p - 4. Let y be g(4). What is the greatest common divisor of j and y?
14
Suppose -f = 7*q - 2*q - 12, 0 = 4*f - 3*q - 25. Let u = 7 - 3. Suppose -u = -2*b, -2*s = b - 14 - 100. What is the greatest common divisor of s and f?
7
Let r = -175 + 256. Let p be (0 + 0)*(-3)/(-6). Let c(u) = -u**2 + u + 9. Let h be c(p). What is the highest common divisor of r and h?
9
Suppose -112 = -v - 3*v. Calculate the highest common factor of 14 and v.
14
Let u(a) be the first derivative of a**3/3 - 4*a**2 - 9*a - 4. Let v be u(-5). What is the highest common factor of v and 14?
14
Suppose 5*d - 3*d - 396 = 0. What is the greatest common divisor of 22 and d?
22
Let v(w) = 3*w**2 - 12*w - 12. Let f be v(6). What is the highest common factor of 48 and f?
24
Let b be ((-3)/(-6))/((-6)/744). Let t be b/(-4) + (-9)/(-18). What is the highest common factor of 4 and t?
4
Let a be ((-1)/3)/(3/(-18)). Suppose -4*g + 160 = 2*c + 3*c, 71 = a*c + 3*g. What is the greatest common divisor of c and 28?
28
Suppose -y + 6 = 3*v + v, -11 = -5*y - v. Suppose -w + 18 = u - 0*w, 0 = -5*u + y*w + 90. Calculate the highest common divisor of 36 and u.
18
Suppose 3 = m + 4. Let k be 88/10 + m/(-5). What is the greatest common factor of k and 63?
9
Let g be ((-1124)/(-6))/(8/(-12)). Let z = g - -443. Calculate the greatest common divisor of 18 and z.
18
Suppose 4*n = -q - 8 + 41, 44 = 3*q + n. What is the greatest common divisor of q and 104?
13
Let d = 15 - 14. Let a be 1*(-4)/(d + -2). Calculate the highest common divisor of a and 44.
4
Let d(g) = 3*g - 1. Let y be d(4). Calculate the greatest common factor of y and 77.
11
Let v(d) = -d**2 + 7*d - 4. Let r(p) = p**2 - 4*p + 1. Let n be r(5). Let a be v(n). Calculate the greatest common factor of a and 8.
2
Suppose -a = -2*t - 0*a + 13, 3*t = -4*a + 36. Calculate the highest common divisor of 2 and t.
2
Let x be 4 + 4/(8/14). What is the highest common divisor of x and 88?
11
Suppose 2*l - 199 = 705. Suppose -140 + l = 3*v - 5*c, 9 = -3*c. Let p be (-1)/(((-2)/(-22))/(-1)). Calculate the greatest common divisor of v and p.
11
Suppose -2*f + 10 + 30 = 0. Let z(v) = v**2 - 2*v + 17. Let s be z(13). What is the highest common divisor of f and s?
20
Let x(m) = 3*m**2 + 3*m + 3. Let s(y) = -2*y. Let a be s(1). Let r be x(a). Suppose -4*t + 24 = -12. Calculate the greatest common divisor of t and r.
9
Suppose -2*g - 3*g = -195. What is the greatest common factor of 26 and g?
13
Let g be 0/(-1) - 34/(-1). Let f = g - 21. Let y = f + 7. Calculate the highe